e the highest common divisor of 301 and y.
43
Suppose -2*o + 3*o - 208 = 0. Suppose -5*x + o = -712. Let v = -2939 + 2962. Calculate the greatest common factor of v and x.
23
Suppose 5*n = 6*n - 189. Let d(p) = -2*p**2 + 52*p - 69. Let t be d(24). Calculate the greatest common factor of t and n.
27
Let o = -3008 - -5038. Calculate the highest common divisor of 28 and o.
14
Let x = 12182 - 12002. Calculate the highest common factor of x and 684.
36
Let a be (3285/75 - 13)*325/26. Let q be 2/(-1 + (-158)/(-154)). What is the greatest common factor of q and a?
77
Let y(x) = 13*x**2 - 18*x - 4. Let z be y(-2). Calculate the highest common divisor of 96 and z.
12
Let h = 96 - 96. Suppose 0 = 4*f - 2*j - h*j - 280, 0 = f + 5*j - 70. Let s = 85 - f. Calculate the greatest common factor of s and 10.
5
Let p be 0*(-3 - 21/(-6)). Suppose -15*m + 1460 - 110 = p. Calculate the highest common factor of 30 and m.
30
Suppose 2*t = 4 + 4. Suppose 0*o + 5*b = -t*o + 865, 0 = o - b - 223. Suppose 4*q - o = 4. What is the highest common factor of q and 42?
14
Suppose 2*j = -8*j + 540. Let y = 128 + j. What is the greatest common divisor of 52 and y?
26
Suppose 4*x = -b - 332, 5*x - 122 + 552 = -5*b. Let f be x*(-4 + 14/4). Let d = f - 20. Calculate the highest common divisor of 7 and d.
7
Suppose -3*r - 3*t + 60 = 0, -3*t - 1 + 39 = r. Calculate the highest common divisor of r and 37763.
11
Suppose 11*a = 6*a + 2160. Suppose -39*r - a = -42*r. Calculate the highest common factor of 16 and r.
16
Let i = 326 - 321. Let w be 3245/25 - (1/i)/(-1). What is the highest common divisor of w and 52?
26
Suppose -3*v - 4 = -10. Suppose 6*k = v*k + 4. Let z be 9 + 1*(-2 + k) + -1. What is the highest common factor of 14 and z?
7
Let i = -3072 - -3184. Let b be 9/3 + 0 + 25. What is the highest common factor of i and b?
28
Suppose -1788 + 569 - 2000 = -3*w. What is the highest common factor of 29 and w?
29
Let i be (-48)/7 + (-203)/(-29) + (-69)/(-7). Let f(x) = 13*x**2 + 2*x - 5. Let v be f(-5). Calculate the highest common divisor of i and v.
10
Let z(w) = 3547*w + 29. Let v be z(25). Let s be 4/10 + (v/60)/4. What is the highest common factor of 37 and s?
37
Suppose 0 = 6*r - 177 - 861. Suppose -5*u = -2*k + r + 128, -4*u - 20 = 0. Calculate the greatest common factor of 115 and k.
23
Let c = -108 - -459. Calculate the greatest common factor of c and 156.
39
Let i(h) = -98*h - 1164. Let d be i(-12). What is the greatest common divisor of 33 and d?
3
Suppose 19 = -3*l - 3*f + 43, -2*f + 10 = 0. Let s be l + (56 - (-9)/(-3)). Calculate the highest common factor of s and 7.
7
Suppose 3*r = -3*b + 6*b + 324, 5*r + b - 510 = 0. Suppose 3*t - 140 - r = 0. Let x = t + -68. Calculate the greatest common divisor of 91 and x.
13
Let u(v) = v**3 - 19*v**2 + 57*v - 1190. Let n be u(20). Calculate the greatest common factor of 24850 and n.
350
Let y = 10 + -4. Let h(z) = -z**2 + 8*z - 4. Let w be h(y). Let j(x) = -2*x**2 + 84*x - 314. Let r be j(37). What is the highest common divisor of w and r?
8
Let y(s) = -3*s - 47. Let m be y(-16). Suppose 0 = -a, -5*b = -4*b - 3*a - 9. What is the highest common divisor of b and m?
1
Let c be (-17*1)/(-1) - 2. Let y be (3 - 1)/((-13 - -4)/(-54)). Let w = c - y. Calculate the highest common factor of w and 1.
1
Let q be (-3 - -2) + ((-412)/(-4) - 2). Let l(r) = -r**3 + 45*r**2 - 43*r - 19. Let g be l(44). Calculate the highest common factor of q and g.
25
Suppose 4*d - 3*w = 366, -5 = 2*w - 1. Suppose 4*m - 2*o = d, 2 = -m + 3*o + 12. Let v = 20 + -5. What is the greatest common factor of v and m?
5
Suppose -8*t = 5*t + 44*t - 5073. Calculate the highest common divisor of 6319 and t.
89
Suppose 211*z - 6980 = -861. Calculate the greatest common divisor of z and 2581.
29
Suppose -5*g = -5*v - 6*g + 350, -4*g = 3*v - 210. Let s = -51 + v. What is the greatest common factor of 247 and s?
19
Let q = -17902 + 19165. Calculate the highest common divisor of 21 and q.
3
Suppose -45*w = -40*w - 3855. Let r be 2/7 + (-2 - w/(-21)). Calculate the highest common factor of r and 35.
35
Let w be 1530/21 + 5/35. Let c be (-135324)/(-168) + 10/(-4). Calculate the greatest common factor of c and w.
73
Suppose -3*k + 120 = 18. Let m = 513 - 100. Let p = m + -328. What is the greatest common divisor of p and k?
17
Let f be 3/(-2)*12/(-9). Let c be 4 - f - (-84)/2. Let m be -1 + -23 + 669 + -641. Calculate the highest common factor of m and c.
4
Suppose 18*d - 23*d - 73 = -b, -3*b = 2*d - 270. Calculate the greatest common divisor of 5632 and b.
88
Suppose -18*q + 33*q = 1035. Calculate the greatest common factor of q and 5037.
69
Suppose -141*s + 3899 = 4*p - 136*s, -4*s = 5*p - 4876. What is the greatest common factor of p and 427?
61
Let s be 0/(-6) + (-10)/(-2). Let f be (-1)/2 + s/(60/174). Suppose 5*y - 657 = 463. What is the highest common factor of y and f?
14
Suppose -1207 = -n - 5*c, 472*c - 476*c + 3522 = 3*n. What is the greatest common divisor of 42 and n?
14
Let p(r) = -81*r - 2478. Let q be p(-46). Calculate the highest common factor of q and 429.
39
Suppose 28 = 9*p - 35. Suppose 2*f = p*f - 945. What is the greatest common divisor of 21 and f?
21
Let x = 2238 + -2222. What is the highest common divisor of x and 4624?
16
Let g be (-136)/((-1)/2 - 1/2). Suppose 0 = -12*z + 10*z + g. Suppose 3*j - 204 = d, -j = d - 2*d - z. What is the highest common factor of 102 and j?
34
Let c(k) = -k**3 - 3*k**2 - 9*k - 15. Let j be c(-3). Suppose 3*z - 57 = -2*b, -2*b + 4*z + 8 + 56 = 0. Calculate the greatest common divisor of b and j.
6
Let p(d) = 200*d + 210. Let k be p(-1). Calculate the greatest common factor of 4205 and k.
5
Let x = -2 + 6. Suppose -x*w = -5*i - 7, -3 = -4*i + 17. Let a = -5415 + 5421. Calculate the highest common divisor of a and w.
2
Let q(m) = -m**3 - 15*m**2 - 117*m - 10. Let g be q(-10). What is the greatest common divisor of g and 100?
20
Suppose 219*w + 1141647 - 8826576 = 0. What is the highest common factor of w and 63?
63
Let m = 1302 - 1287. Suppose 0 = m*j - 23*j + 1640. Let z be 82/(-6)*(0 - 6). Calculate the highest common factor of z and j.
41
Let j be 2 + 0/(-2) - -1. Suppose -17*r + 20*r = -1476. Let g = r + 519. Calculate the greatest common factor of j and g.
3
Suppose 4*z - 4 = -5*t + 184, 5*z + 5*t = 240. What is the greatest common divisor of z and 11739?
13
Suppose -o + 0*o = 0, -4*o = -z + 104. Let m = 12019 + -11980. What is the highest common factor of z and m?
13
Let u(i) = -180*i + 4. Let c be u(-3). Let f be 10/(11427/1248 + -9). Calculate the highest common factor of f and c.
32
Let t be (-3 + 10/6 + -4)*-306. Suppose -t = -5*g - 11*g. Calculate the highest common divisor of 476 and g.
34
Let p = 8381 - 8371. Let m = -60 - -105. Calculate the highest common factor of p and m.
5
Suppose 396 = 22*f - 4*f. Let l be (f - 10) + 1 + 1. Calculate the highest common divisor of l and 56.
14
Let j(k) = -k**2 + 2*k - 59. Let v be j(0). Let l = 121 - v. What is the greatest common factor of l and 20?
20
Suppose 2*a + a = 9, 0 = -5*n - 2*a + 2016. Suppose 5*r - 7*r = -n. Calculate the greatest common divisor of 67 and r.
67
Suppose 1896 = 2*i + 4*h, -i + 954 = -73*h + 69*h. Calculate the highest common factor of i and 200.
50
Let d(h) = 2*h**3 + 14*h**2 - 9*h - 39. Let b be d(-6). Calculate the highest common divisor of 174 and b.
87
Let x be 2/(((-72)/(-27))/8). Suppose 4*n = -5*b + 26, -n + x*n - 14 = 3*b. What is the highest common factor of 128 and n?
4
Let n(j) = 2*j**3 - 7*j**3 + 6*j**3 + 2 - j + 0. Let f be n(0). Suppose t - 3*r = 63, 5*t - 267 = f*r - 4. Calculate the highest common divisor of 34 and t.
17
Let r = 32 - -40. Let y be -5*(-106)/11 + (-18)/99. Calculate the greatest common divisor of y and r.
24
Suppose -3*g = -3*r + 1 - 10, -2*g + 7 = -r. Suppose 2*j - 3*n = 18, 22 = g*j - 3*n - 2. Calculate the highest common divisor of 36 and j.
3
Let c be 564/1316*(-448)/(-6). What is the highest common factor of c and 196?
4
Let w = 28257 + -14707. Calculate the highest common divisor of w and 20.
10
Let b be 19182/2415 - (-10)/175. Let q = -62 - -118. Calculate the greatest common factor of b and q.
8
Suppose -3*j = -4*u - 50734, j - 107*u + 104*u - 16913 = 0. Calculate the greatest common divisor of 38 and j